se -5*m - 29 = -2*a, 6*a = a - 3*m + 119. Let k(x) = 6 - a - 53*x - 10*x. Is k(-11) a prime number?
True
Let c be 18723/6 + 2/4. Suppose 2*t = 5*h - c, -12 + 3 = 3*t. Is h composite?
True
Let u = -255 + -380. Let i = 277 + u. Is (-2 + -1)*i/6 a composite number?
False
Suppose -3*o + 3*p = 6, -o = -p - 2*p. Is ((-166)/(-8))/(o/(-60)) composite?
True
Suppose -l + 374 = -q, 2*l + 2*l + 2*q - 1472 = 0. Suppose -4*z = -6*z + l. Is z a prime number?
False
Let a(u) = -u**3 - 12*u**2 + 15*u - 25. Let r = 1 - 15. Is a(r) composite?
False
Let c(o) = -o**3 - 5*o**2 + 3*o + 5. Let g be c(-5). Let l = -6 - g. Suppose a - 119 = 4*r, l*a + 0*a = r + 461. Is a a prime number?
False
Let k be 6*(-3 + (-22)/(-6)). Suppose -k*r - 105 = r. Let o = r - -58. Is o prime?
True
Let y(l) = 3*l**2 + 14*l - 23. Is y(-22) a prime number?
False
Let x = -30813 - -58151. Is x a prime number?
False
Suppose -337 = -2*k + 459. Suppose -2*f + 264 = -k. Is f a prime number?
True
Let l be 172942/20 + 1/(-10). Suppose 4*c + 0*u + u - l = 0, 0 = -c + 2*u + 2155. Is c composite?
False
Suppose k + m - 2373 = 0, 2*k + 515 = -3*m + 5263. Is k a prime number?
True
Let c = 12532 - 669. Is c a composite number?
False
Let a = 13757 + -24101. Is ((-5)/(100/a))/(4/10) prime?
False
Let n = -1 + 156. Is n composite?
True
Let w = 64 + -55. Suppose -7*t - 4*f = -6*t - 91, -w = -3*f. Is t composite?
False
Suppose -x = 4*s - 21, 6*s = 8*s - 6. Suppose -4948 = -x*f + 2225. Is f composite?
False
Is (-20)/5 - (-386124)/12 composite?
False
Suppose a - 101 = -0*a. Suppose 0 = -2*o + a + 175. Suppose 5*u = -3*f + 571, 3*f - 417 = 3*u + o. Is f a composite number?
True
Let m be (-3 - -3)*1/3. Let l(f) = 2*f + 779. Is l(m) prime?
False
Suppose -4*a - 30 = -5*k - 0*a, -5*a = -5*k + 25. Let n be ((-24)/k)/(3/90). Let m = 125 + n. Is m prime?
True
Let d(r) = 2*r**3 + 13*r**2 - 6*r + 13. Is d(6) a prime number?
True
Is -174 + 167 - -1*6980 a composite number?
True
Let y be (1566 - 3)*8/6. Let u be 2/(-4)*(-4 + 2) + -5. Is u/(-28) + y/14 prime?
True
Let g(q) = 21*q + 10. Let i(w) = 22*w + 9. Let a(f) = 5*g(f) - 6*i(f). Let d be ((-56)/(-16))/((-1)/2). Is a(d) prime?
False
Suppose 4 + 18 = 11*j. Suppose 2*p = -g + 4033, 4*p + j*g - 8070 = 4*g. Is p prime?
True
Let z(o) = o**2 + 8*o - 2. Let a be z(-6). Let l be a/4 + (-6)/(-4). Let g(r) = 10*r**2 + 3*r + 1. Is g(l) a prime number?
False
Is ((-844372)/(-9))/4 + 96/432 composite?
True
Suppose 1169 = -5*d - 0*x + x, x = -3*d - 695. Let m(k) = -3*k**3 - k - 4. Let h be m(3). Let t = h - d. Is t prime?
False
Suppose 0 = 27*z - 22*z. Suppose 0 = g - 2 - z. Suppose -g*p + 0 = -6, -3*p + 1954 = 5*x. Is x prime?
True
Suppose 16183 = 60*i - 59*i. Is i a prime number?
True
Is (-3241728)/(-90) - (-1)/(-5) a composite number?
True
Let g(w) = -268*w + 534. Is g(-11) a composite number?
True
Suppose -3*h - 2*h - 15 = 3*l, -2*h = -5*l - 25. Is -1039*(l + 2 - -2) prime?
True
Let n(i) = -1347*i + 15. Let a be n(-4). Is (-3)/(-4 - (-21609)/a) prime?
False
Let x(g) = -1. Let h(k) = -171*k + 114. Let f(l) = -h(l) - 114*x(l). Let n be f(1). Suppose 3*q + n = m + 44, -5*m - 3*q + 671 = 0. Is m a prime number?
False
Suppose -h = -3*w + 19, -5*h + 4*w - 152 = 8*w. Suppose 30 = -3*o - 75. Let n = h - o. Is n a composite number?
False
Let g(r) = r - 6. Let m be g(16). Suppose b + 31437 = m*b. Is b a composite number?
True
Is 14/4*(6 - -938) - -1 composite?
True
Is 1 - (-30344 + (-49)/(-7) - 3) a prime number?
True
Suppose -2*z - 190 = -7*z. Let n = 17 - z. Let i = n + 124. Is i a prime number?
True
Let n = 100 + -8. Let t = -46 + n. Is t a prime number?
False
Let d be 2/(-5)*(-4 + -1). Let n be d*2 - (9 - 5). Suppose 5*v - 2*v - 165 = n. Is v a composite number?
True
Let b = -137 - -63. Let p = b - -153. Is p composite?
False
Let a(n) = 5682*n + 233. Is a(4) a composite number?
False
Suppose 2220 = -5*g + 3*d, g - 5*d = -0*g - 422. Let n = 894 + g. Suppose 2*j - n = j. Is j composite?
True
Let v(t) = -t - 2. Let r be v(-4). Suppose g - 9 = -r*g. Let b(y) = 4*y**3 - y**2 + 4*y - 2. Is b(g) a composite number?
False
Let z(x) = -x + 1. Let g be z(-2). Suppose 5*l = 6*s - s - 105, 0 = g*s. Let a = l - -98. Is a a composite number?
True
Let l(v) = -v**2 - 2*v. Let t be l(0). Suppose -j - 5*y + 164 = t, 2*j - 7*j = -4*y - 733. Is j composite?
False
Let d = -30 + 32. Is 14643/36 + d/8 a composite number?
True
Let x = 3219 + -1647. Suppose -2*b = 2*m - 770, -2*b - 2*b - x = -4*m. Is m prime?
True
Suppose 4*a - 12*a = -22664. Is a a composite number?
False
Is 23006*(6/(-27) + 99/81) a composite number?
True
Let b be 32596/6 + (-38)/57. Let p = b - 3775. Is p a prime number?
True
Suppose v = -6*m + 8*m - 569, 1430 = 5*m - v. Is m composite?
True
Let n be ((-2)/6 - 2)*(-58 - -4). Let i = n + -29. Is i composite?
False
Let p = 119 - 91. Is (1137/12)/(7/p) a composite number?
False
Let i = 1884 + -1322. Let c = i + -167. Is c a prime number?
False
Suppose 0 = -3*q - x - 52, 0*q + q + x + 16 = 0. Is (-34)/102 - (-3)/(q/(-3380)) prime?
True
Suppose 0 = 5*d - 5*b - 145960, 5*d - 8*d - 4*b = -87597. Is d composite?
True
Let t(w) be the first derivative of 102*w**3 - w**2 + 2*w - 9. Let j be t(1). Suppose -1650 = -5*l + 2*o - o, l - 5*o - j = 0. Is l prime?
True
Suppose -5*j + 214 = -3*j. Suppose 3*i - j = 496. Is i composite?
True
Let n(f) = f**3 - 2*f**2 + f - 3. Suppose -3*k - 5*m = 20, m + 3*m + 16 = -k. Suppose i + 4*i - 20 = k. Is n(i) prime?
False
Is 4395321/441 + (-4)/(-14) prime?
True
Suppose 2*a - 36620 = 5*v, -4*v = 4*a - 3*v - 73218. Suppose 4*u - 7343 = 2*u + 5*d, 2*d + a = 5*u. Is u prime?
True
Suppose -16 = -4*n, -3*n = 3*b - 0*b - 795. Let f = 1140 - b. Let q = f + -548. Is q prime?
True
Let f(u) = -12*u - 13 - 18*u**2 - 21*u**2 + u**3 - 18*u**2 + 48*u**2. Suppose -i + 3*c + 5 = -4, -4*i = c - 62. Is f(i) a composite number?
True
Let d = 25 + -15. Suppose d = -4*b + 3*b. Let a = 69 + b. Is a a composite number?
False
Let c(m) = -2*m**3 - 2*m**2 - 24*m + 1. Is c(-9) composite?
True
Let c = -12 + 0. Let n = -9 - c. Suppose -n*u + 1315 = -4*i, -872 = -u - u - 2*i. Is u a composite number?
True
Let s(x) = -446*x**3 + 2*x**2 - 17*x - 5. Is s(-4) composite?
True
Let k = -614 + 881. Let o be 17/(-5) - 9/15. Is 2/(o/k)*-2 prime?
False
Suppose 20*r + 5*s - 188123 = 17*r, 4*r - 250852 = 4*s. Is r a prime number?
False
Suppose 0 = 3*q - 3*g - 273, 5*q + 5*g + 16 = 491. Suppose 4*s - 20 = 0, -4*c - 2*s + 21 + q = 0. Is c a prime number?
False
Let t(r) = 88*r**3 - 2*r**2 + r + 2. Let v be t(-1). Let y = v + 996. Is y a composite number?
False
Suppose m + 3835 = g + 701, 2*g + 15698 = -5*m. Suppose 0 = 3*u + 14 - 59. Is (-5)/2*m/u a prime number?
True
Let i(v) = -v**2 - 6*v - 3. Let h be i(-2). Suppose 0 = -3*d - 1 - h. Is (d/4)/(6/(-1020)) a composite number?
True
Suppose -3*p + 10 = -32. Let b(m) = -m**3 + m**2 - m - 2. Let w be b(-3). Let r = w - p. Is r prime?
True
Let g be 39/2*(-44)/(-33). Let b = g - -62. Is (b/(-12))/(4/(-102)) a composite number?
True
Suppose 2*y + 24768 = 3*r + 77065, -104591 = -4*y + 3*r. Is y a prime number?
False
Let d = 23133 - 15236. Is d prime?
False
Suppose -4*j = -d - 1728 - 408, -4*j - 8604 = 4*d. Let o = d + 3289. Is o prime?
False
Suppose 2*z - 2*s = 495 + 20369, -2*s - 41730 = -4*z. Is z prime?
True
Let a(u) = -u + 13. Let h be a(13). Suppose 3*n + h*n = 0. Suppose z = -3*o - n*o + 782, 2*o - 3*z - 503 = 0. Is o a prime number?
False
Suppose 3*o + l - 3*l = -4, 5*l = 2*o + 21. Suppose -o*h - 3*h - 4150 = 0. Is 6/(-21) + h/(-14) composite?
False
Let t(i) = 4*i - 42. Let w be t(11). Is (-10)/(-20)*w*2743 composite?
True
Let y(s) = 283*s - 1. Let m = 4 + 0. Suppose -b - m*b - 11 = -3*w, b - 9 = -5*w. Is y(w) a composite number?
True
Let f be (-3)/(9/12)*-1. Suppose f*g = 6406 + 5406. Is g composite?
False
Let f be 2/(-19) - (-531)/171. Suppose -447 = -f*c + 84. Is c prime?
False
Suppose u - 12 = -28. Let j = u + 10. Let r(q) = 7*q**2 + 1. Is r(j) prime?
False
Let b = 1382 - -2205. Is b a prime number?
False
Let a(h) = 2*h**2 + 3*h + 7. Let o(b) = 2*b**2 + 3*b + 6. Let y(l) = 6*a(l) - 5*o(l). Let c be 3/(-15) - (168/(-15) - 0). Is y(c) a composite number?
True
Suppose 2*f = 0, -3*c + 58 = 4*f + 52. Let d = 720 - 401. Suppose c*k = 3*k + 4*s - 177, -2*k - s = -d. Is 